2
Let o = -10 - -8. Let v be (o/(-3))/((-2)/(-258)). Suppose -3*u - 5 + v = 0. What are the prime factors of u?
3
Suppose -15 = 29*p - 32*p. Suppose 4*k - 10*g = -8*g + 326, 413 = p*k + 3*g. List the prime factors of k.
2, 41
Let u(y) = 3*y - 14. Let x be u(5). List the prime factors of ((-423)/9)/(-1*x).
47
Suppose -2*x = -2*u + 40, -3*x - u - 24 = 20. Let z = 26 + x. Let k = z - -21. List the prime factors of k.
31
Suppose -r = 2*w - 6*w - 6, 10 = 5*r. Let d = 5 + w. Suppose 2*i + 2*c - 12 = i, -2*i - 16 = -d*c. What are the prime factors of i?
2
Let w(i) = i**3 - 42*i**2 + 30*i - 54. What are the prime factors of w(42)?
2, 3, 67
Suppose -4*j + 2 = 5*i, 3*i + 2*j = -0*i + 2. Suppose -12 - i = -7*k. Suppose u + k*f = 50, -70 = -u - f - 16. List the prime factors of u.
2, 29
Suppose -t - 11 + 148 = 0. Suppose -c + t = -0*c - 2*n, 2*c - 250 = -2*n. What are the prime factors of c?
3, 43
Let n = 3 - 9. What are the prime factors of (-4515)/(-63) + (-2)/n + 0?
2, 3
Let o(g) = -g**2 + 16*g - 14. Let p be (-4 - -1 - -6) + 8. Let z be o(p). Suppose -2*t + 27 = -z. List the prime factors of t.
2, 17
Let s be (2 + (-62)/(-8))*-4. Let f be (-178)/9 - (-8)/(-36). Let v = f - s. List the prime factors of v.
19
Let h = -50 + 278. List the prime factors of h.
2, 3, 19
Let o(g) = g**3 - 7*g**2 - 9*g + 10. Let r = -15 - -23. Let b be o(r). Suppose -2*v - 4*j = j - 84, -2*j - 112 = -b*v. What are the prime factors of v?
2, 13
Let a(u) = -15*u**3 - 2*u**2 + 2*u. Let v be a(-2). Suppose 4*l + 4*m = 12 - 0, -15 = -5*l - 2*m. Suppose -w + v = l*w. What are the prime factors of w?
3
Let r(h) = 18*h**3 + 15*h**2 - 54*h - 5. List the prime factors of r(5).
2, 5, 47
Let s = 2091 + -338. List the prime factors of s.
1753
Suppose 2433 = -61*h + 63*h + 3*s, 2*s = 2. List the prime factors of h.
3, 5
Let o(v) = -188*v + 152. List the prime factors of o(-17).
2, 3, 31
Let v(t) = -50*t + 21. List the prime factors of v(-12).
3, 23
Let a(o) = -o**3 - o**2 - 4*o - 57. What are the prime factors of a(-7)?
5, 53
Suppose 2552 = 8*i - 472. List the prime factors of i.
2, 3, 7
Let f = 872 - 312. List the prime factors of f.
2, 5, 7
Suppose -9*i + 14195 = -286. List the prime factors of i.
1609
Let j(i) = -11*i - 9. Let h be j(-9). Suppose -6*b + b = -h. Let u = b - -2. List the prime factors of u.
2, 5
What are the prime factors of (1616/(-8))/((-14)/245)?
5, 7, 101
Let r(k) = k**3 - k - 1. Let p be r(2). Suppose 0 = -b + p*b - 96. List the prime factors of b.
2, 3
Let n be ((-14)/(-2) - 3)/1. Let i = 48 + -32. Suppose 0*d + n*d = i. List the prime factors of d.
2
Suppose -4*w = -1260 - 464. List the prime factors of w.
431
Let l(r) = -2*r + 28. Let a be l(-22). Suppose -f + i + 147 = f, f - a = 2*i. What are the prime factors of f?
2, 37
Let h = -493 - -2164. List the prime factors of h.
3, 557
Let z(l) = -l**3 - 24*l**2 + 15*l + 52. List the prime factors of z(-25).
2, 151
Suppose 0 = -20*t + 39*t - 2983. List the prime factors of t.
157
Let y(v) = 8 + 3 + 58*v - 56*v. Let c be y(-5). List the prime factors of c - (7 - 4 - 62).
2, 3, 5
Let b = 24 - -80. Suppose 2*v + 120 = -5*t, 3*t - b = -2*v + 4*v. Let y = v + 80. List the prime factors of y.
5
Let w be -4*(-14)/16*2. Let x = w - -19. What are the prime factors of x?
2, 13
Suppose j - 160 = 3*h, -939 = -5*j + 4*h - 183. Let b(a) = 98*a. Let f be b(1). Let p = j - f. What are the prime factors of p?
2, 5
Suppose -23 = -6*n + 229. Suppose -4*b + 114 = -n. List the prime factors of b.
3, 13
Let t be ((-6)/(-4))/((-6)/(-8)). Let z be t/(-6) - (-370)/30. Let x = 18 - z. What are the prime factors of x?
2, 3
Suppose 0 = -7*j + 10793 - 1861. List the prime factors of j.
2, 11, 29
Let d be 6/(-2)*2/(-3). Suppose 3*s - 4*b - b - 585 = 0, 3*s - 3*b = 585. Suppose -4*h = 5*l - 9*h - s, -d*h - 8 = 0. What are the prime factors of l?
5, 7
Let j be 30 + 7/(28/16). Suppose -249 = -w - j. What are the prime factors of w?
5, 43
Let u(f) = -2*f**3 + 21*f**2 + 6*f - 9. List the prime factors of u(7).
2, 47
Let v(t) = 3*t - 2 - 5 + t. Let c(l) = -28*l - 164. Let m be c(-6). List the prime factors of v(m).
3
Suppose 3*m = -0*m + 36. Suppose m = 4*x, 3*x + 529 = 5*b + x. Suppose -2*p = 3*p + u - 110, 0 = 4*p - 3*u - b. List the prime factors of p.
23
Let a(j) = 7*j**2 + 3*j + 3. Let d be a(-3). Let o = -4 + -12. Let i = o + d. List the prime factors of i.
41
Suppose t + 17 + 35 = 0. Let w be t/(-9) - 16/(-72). Suppose 41 = -w*k + 179. What are the prime factors of k?
23
List the prime factors of (4/(-3) - 1)/(6/(-1170)).
5, 7, 13
Let l(y) be the first derivative of -y**3/3 + 4*y**2 - 4. Let j be l(8). List the prime factors of 3 - j - (-30)/6.
2
Let a = 95 + 153. Let z = 576 - a. What are the prime factors of z?
2, 41
Suppose 88 = -2*j + 6*j. Suppose -v = -0*v - j. Suppose 2*p - 2*k = 28 + v, -3*p - 3*k + 81 = 0. What are the prime factors of p?
2, 13
Suppose 2*f - 3*h = -2*f, 2*f + 5*h - 26 = 0. Let p(t) = 4*t**2 + 4*t - 3. Let x be p(f). Suppose -5*v + x + 90 = 0. What are the prime factors of v?
3
Let w(i) = 203*i + 116. What are the prime factors of w(4)?
2, 29
Let t(q) = 14*q - 66. What are the prime factors of t(25)?
2, 71
Let v be (-2*(-5)/20)/((-3)/(-5622)). Suppose 0*q - 5*q + f = -v, q - 185 = f. What are the prime factors of q?
2, 47
Suppose -3*q + 18 = 4*r, -2*r = -4*q - 0*r + 24. Let o(n) be the second derivative of n**4/12 - n**3/6 - 2*n**2 - 25*n. List the prime factors of o(q).
2, 13
What are the prime factors of 4307 - ((-3)/(-12) + 116/(-16))?
2, 3, 719
Suppose 10239 = 9*v - 28470. List the prime factors of v/33 - 4/(-6).
131
Let p(n) = 2306*n + 29. List the prime factors of p(1).
5, 467
Suppose 2*z + 2*z = 8. Let u be 3 - (z - (0 + 2)). Suppose 2*r = 6*r - u*y - 169, 128 = 3*r - 2*y. What are the prime factors of r?
2, 23
List the prime factors of ((190/19)/(-10))/(1/(-466)).
2, 233
Suppose -5*a = 3*s - 10671, s + 2*a = 4406 - 848. List the prime factors of s.
2, 3, 37
Let c be 36/9*(-1)/2. List the prime factors of (-6)/2 + 1*(c + 120).
5, 23
Suppose -3*c + 5*y + 476 = 0, -5*c - 3*y = -2*c - 516. List the prime factors of c.
167
Let w = 1382 + 140. What are the prime factors of w?
2, 761
Let l(y) = -224*y + 187. What are the prime factors of l(-15)?
3547
Let k = -418 - -592. What are the prime factors of k?
2, 3, 29
Suppose -3*o + 2*j = -14, -3*o + 0*j = 5*j + 14. Suppose 0 = o*y - 51 - 159. List the prime factors of y.
3, 5, 7
Let o be (-594)/(-24)*(-16)/(-6). Suppose 4*n + o = 3*d, -3*d - 5*n - 6 = -72. What are the prime factors of d?
2, 11
Suppose -4*m + 2*m - 5 = f, 0 = -4*m + 3*f - 15. Let g be (0 + -2)/(m + 2). Suppose -g*j - 10 = 0, -3*s = 4*j - 32 - 26. List the prime factors of s.
2, 13
Let y = -41 - -44. What are the prime factors of y/(-3) + 79 + -1?
7, 11
Suppose 18*q - 142 = 92. Suppose i + 968 = 5*b, b - 8*i + q*i = 204. List the prime factors of b.
2, 97
Let k = 936 - 294. Suppose 4*m + 6 = 2*i, -5*i = 2*m + m - 54. List the prime factors of (-2)/6 + k/i.
71
Suppose 15 = -2*z - 3*u + 5, 0 = -2*z + 2*u. What are the prime factors of (33/99)/(z*(-1)/486)?
3
Let j be (-23 - -3)/(-5) - -4. List the prime factors of 1382/j + 3/12.
173
Suppose -58*m + 149601 - 8081 = 0. What are the prime factors of m?
2, 5, 61
Let q be (2 - 1) + (4 - -388). Suppose q = 4*w - 263. Suppose 4 - w = -5*d. List the prime factors of d.
2
Let w(d) = d**3 - 21*d**2 + 24*d + 32. List the prime factors of w(21).
2, 67
What are the prime factors of (-2882)/(-18) - 2/18?
2, 5
Suppose -g + 0*y + 4*y = -33, y = -5. Suppose -6*v + g = -11. Suppose 0 = v*o - 248 + 104. What are the prime factors of o?
2, 3
Let j(i) = -5*i + 45. Suppose 6 = -16*a + 15*a. List the prime factors of j(a).
3, 5
Suppose 0 = 2*q - 6 + 4. Let r(i) = -20*i - 311. Let b be r(-17). What are the prime factors of 1/1 + b/q?
2, 3, 5
Let l = 35 - 8. Let g = 5 + l. Suppose -2*z = -4*z - 4*h + g, 0 = 5*z - 5*h - 95. List the prime factors of z.
2, 3
Let c be (-2)/(3 + (-1804)/604). Let j = c - -226. What are the prime factors of j?
3, 5
Suppose -1808 = -7*m + 3736. List the prime factors of m.
2, 3, 11
Let w(q) = q**2 - 1. Let s(p) = -8*p**2 - 10*p - 19. Let l(i) = -s(i) - 6*w(i). What are the prime factors of l(-8)?
73
Let z(h) = 2*h**2 - 47*h + 48. What are the prime factors 